se 11) in base 9?
1354
Convert -3eae5 (base 15) to base 13.
-709ac
-1122302230 (base 4) to base 10
-371884
What is -d106d (base 14) in base 5?
-112032444
What is -111489a (base 14) in base 13?
-18b3328
Convert -1ca2a (base 13) to base 15.
-11bbb
537532 (base 9) to base 4
1032033101
21868 (base 9) to base 13
6821
What is -2213020031 (base 4) in base 5?
-133401212
Convert -9a7884 (base 12) to base 10.
-2460196
What is -12021201211 (base 3) in base 13?
-38491
What is -13a722b (base 12) in base 7?
-45410423
10110111001110001111001 (base 2) to base 9
12260635
3b1b8 (base 12) to base 3
11010210112
-1267357 (base 9) to base 8
-2514037
Convert -49984 (base 11) to base 5.
-4243344
9fd6f (base 16) to base 5
131422303
What is 13545421 (base 9) in base 3?
110121112110201
-2900e (base 16) to base 6
-3333314
What is 12130a5 (base 12) in base 5?
1344302233
What is 253412 (base 8) in base 7?
514013
-11027210 (base 9) to base 10
-5332806
20807 (base 9) to base 16
35d1
Convert 26365377 (base 8) to base 4.
112132223333
1b9013 (base 14) to base 9
1761280
What is 101905 (base 11) in base 3?
22022020200
Convert -10010000101010110 (base 2) to base 16.
-12156
Convert 1011111111111000010110 (base 2) to base 6.
151225142
-202333 (base 11) to base 3
-121112001002
-34415 (base 8) to base 12
-8551
4524022 (base 6) to base 8
677156
Convert -42410343 (base 5) to base 16.
-5726d
What is 131cb4 (base 14) in base 9?
1213043
What is 93118 (base 13) in base 5?
31420310
What is 1100100120 (base 3) in base 15?
7cbc
-5372007 (base 8) to base 7
-15141353
32c02a9 (base 13) to base 12
5268292
Convert b11bb (base 12) to base 13.
8097b
-48802 (base 12) to base 8
-277202
-8832a3 (base 11) to base 6
-50115124
11021010000120 (base 3) to base 7
25154451
26596b8 (base 13) to base 15
10cddce
10103310210 (base 4) to base 3
2010101202010
515531 (base 6) to base 4
22013233
-14a4b73 (base 12) to base 16
-400b87
What is -115723 (base 10) in base 12?
-56b77
What is 6bb071 (base 12) in base 9?
3242064
What is 35543623 (base 7) in base 8?
14017675
What is -133211020 (base 4) in base 3?
-20120102211
-61371421 (base 8) to base 3
-220102002100201
What is 43317 (base 8) in base 15?
5587
-3d2cdf (base 16) to base 10
-4009183
Convert 1100001110101010011111 (base 2) to base 12.
10a7253
-158889 (base 10) to base 13
-57423
-73729 (base 14) to base 10
-278553
Convert 251d62 (base 14) to base 8.
4666422
What is 147c22 (base 15) in base 6?
33103052
17a98 (base 11) to base 9
37603
What is -1413242304 (base 5) in base 9?
-6772406
Convert 943918 (base 10) to base 5.
220201133
Convert -cd7153 (base 15) to base 9.
-20377536
Convert -10001330303 (base 4) to base 15.
-15d0c8
What is 12a073 (base 12) in base 8?
1130727
Convert 11151617 (base 8) to base 12.
984813
What is 15281 (base 9) in base 7?
42304
-16745020 (base 8) to base 13
-a72669
What is 5362326 (base 7) in base 13?
19b84c
-193926 (base 16) to base 9
-3088470
What is 1734a7 (base 13) in base 5?
122003444
Convert 283233 (base 9) to base 10.
172965
-1174645 (base 8) to base 5
-40413203
What is -3a3a833 (base 11) in base 9?
-14123416
Convert 334745 (base 12) to base 6.
25300525
1362855 (base 9) to base 3
1102002221212
Convert -11052244 (base 6) to base 4.
-1101130210
What is 101010010100000101101 (base 2) in base 11?
867802
Convert -113120220030 (base 4) to base 8.
-27305014
Convert 2546621 (base 7) to base 4.
1100320220
Convert -100000011001011100 (base 2) to base 13.
-48529
Convert -1717358 (base 11) to base 8.
-13115446
What is -13202212 (base 4) in base 11?
-21229
Convert 8830839 (base 10) to base 6.
513135303
2214011 (base 5) to base 4
21123213
11101101011001101 (base 2) to base 13
4342c
-39815 (base 12) to base 14
-20a9b
Convert -3370884 (base 9) to base 5.
-431134441
Convert 11540322 (base 6) to base 7.
3102662
Convert -78914 (base 15) to base 9.
-643851
-1410356 (base 7) to base 6
-4003522
Convert 47ad2 (base 16) to base 11.
190637
What is -1612942 (base 11) in base 12?
-b0b101
Convert 57892 (base 10) to base 12.
29604
What is -d868 (base 16) in base 2?
-1101100001101000
What is -524064 (base 7) in base 16?
-1608f
What is -3d4136 (base 14) in base 5?
-1020432400
Convert -100010111110010100001 (base 2) to base 5.
-243133032
Convert 24277 (base 14) to base 12.
43129
152314 (base 12) to base 3
200002220121
Convert 75150 (base 10) to base 6.
1335530
Convert 57378 (base 10) to base 8.
160042
-9a9b30 (base 12) to base 8
-11314424
Convert -70372 (base 12) to base 10.
-145670
445538 (base 10) to base 14
b8522
Convert 57160 (base 10) to base 5.
3312120
2a6a95a (base 11) to base 4
110003030012
-1000113012 (base 4) to base 15
-5319c
Convert -a20868 (base 12) to base 16.
-269ed0
What is -3012322320 (base 4) in base 7?
-6632304
What is -a4205 (base 11) in base 13?
-5423b
What is -504152155 (base 6) in base 11?
-49439a4
What is -111110000000111010 (base 2) in base 6?
-5235550
Convert -1323020 (base 6) to base 13.
-27447
1c3e5a (base 15) to base 8
5207613
Convert -1001403 (base 7) to base 10.
-118191
-57497 (base 11) to base 15
-1995c
-1411930 (base 12) to base 10
-4005108
Convert -221031302 (base 4) to base 14.
-45746
What is 52ba91 (base 12) in base 14?
260033
Convert 232382 (base 10) to base 7.
1655333
What is 101100000100011100 (base 2) in base 10?
180508
-35b702 (base 13) to base 2
-100111000111111110100
What is -14254453 (base 6) in base 12?
-1b7429
What is a1c62 (base 14) in base 15?
7a562
-23220231133 (base 4) to base 16
-2e8b5f
-10007b2 (base 12) to base 16
-2d9476
793b (base 12) to base 8
32177
What is 535000 (base 7) in base 5?
10433303
Convert -c62d3 (base 14) to base 3.
-220021201221
What is -10164012 (base 8) in base 4?
-20032200022
What is 246010 (base 11) in base 2?
1011110111000110111
Convert -11371115 (base 10) to base 14.
-171ddc7
Convert 3573b (base 14) to base 12.
63561
Convert -10795 (base 12) to base 4.
-11111201
-21202411 (base 5) to base 6
-3454145
6a527a (base 13) to base 7
30313624
What is -1345274 (base 8) in base 2?
-1011100101010111100
Convert -422c7 (base 13) to base 9.
-201376
a84aa (base 12) to base 2
110110001011000010
10101010010010000 (base 2) to base 5
10242214
What is -52bb52 (base 12) in base 10?
-1306286
-764606 (base 12) to base 5
-434432042
Convert -115510551 (base 6) to base 12.
-8b8457
18b33 (base 14) to base 16
f469
Convert 3ed76 (base 15) to base 5.
22432121
What is 224604 (base 7) in base 16?
9c96
What is -109597 (base 10) in base 8?
-326035
-10004312041 (base 5) to base 6
-550512044
Convert -436162 (base 8) to base 2.
-100011110001110010
124824 (base 12) to base 11
19420a
What is -1322213220 (base 4) in base 15?
-9dc33
What is -19e57b (base 16) in base 2?
-110011110010101111011
-232301203 (base 4) to base 15
-3bb77
What is -1756584 (base 9) in base 11?
-611141
What is -1160121 (base 9) in base 14?
-12580c
1120252 (base 8) to base 11
197944
Convert 723326 (base 11) to base 8.
4333477
226755 (base 8) to base 3
10221000201
What is a02333 (base 11) in base 16?
189f03
What is -25010410 (base 7) in base 13?
-60482b
Convert 5ac454 (base 13) to base 7.
24303103
What is 582a10 (base 11) in base 5?
214120031
What is -44155 (base 13) in base 3?
-20021002121
Convert 180721 (base 10) to base 6.
3512401
What is 226bd9 (base 15) in base 8?
6210661
Convert -b1548 (base 12) to base 16.
-384c8
Convert -10001100110010110 (base 2) to base 8.
-214626
-1306032 (base 8) to base 7
-3042621
Convert 199145 (base 14) to base 15.
12e2d1
What is 416b79 (base 12) in base 6?
34011433
Convert 101120211120212 (base 3) to base 12.
1a73a35
Convert -a8937 (base 16) to base 12.
-293707
What is 358c7 (base 13) in base 14?
27ad1
-543a2 (base 11) to base 14
-20b12
Convert 1111002112001 (base 3) to base 13.
218275
Convert -47c93 (base 16) to base 11.
-190a05
-76154 (base 12) to base 11
-a7001
Convert -10044432043 (base 5) to base 11.
-5806897
What is -20763764 (base 8) in base 10?
-4450292
-200b8 (base 12) to base 13
-15c2c
What is 10001300201 (base 4) in base 11?
661248
209c46 (base 13) to base 9
1384553
What is 1011000100101001001011 (base 2) in base 4?
23010221023
What is 177178 (base 9) in base 16?
1ae97
1c439 (base 16) to base 9
185722
Convert 111101010110010101 (base 2) to base 9.
422625
Convert -693a5 (base 13) to base 8.
-566445
Convert 3132203230 (b